{"id":62,"date":"2012-01-01T00:00:01","date_gmt":"2011-12-31T23:00:01","guid":{"rendered":"http:\/\/www.fervee.com\/lagontrie\/nos-gites\/"},"modified":"2024-01-08T09:36:45","modified_gmt":"2024-01-08T08:36:45","slug":"nos-gites-bordeaux","status":"publish","type":"page","link":"https:\/\/www.chateaulagontrie.net\/v2\/nos-gites-bordeaux\/","title":{"rendered":"Nos G\u00eetes"},"content":{"rendered":"\n<p>Situ\u00e9 dans une propri\u00e9t\u00e9 de 11 ha,<strong> entour\u00e9 par les vignes et la for\u00eat du ch\u00e2teau<\/strong>, ce<strong> havre paisibl<\/strong>e est<strong> \u00e0 moins de 20 minutes<\/strong> de Bordeaux.<br>Il est dot\u00e9 de <strong>4 gites<\/strong> et d\u2019une <strong>piscine s\u00e9curis\u00e9e<\/strong> avec des <strong>vues imprenables sur les vignes ou la for\u00eat<\/strong>.<\/p>\n\n\n\n<div class=\"wp-block-columns is-layout-flex wp-container-5 wp-block-columns-is-layout-flex\">\n<div class=\"wp-block-column is-layout-flow wp-block-column-is-layout-flow\">\n<figure class=\"wp-block-image size-full\"><img decoding=\"async\" loading=\"lazy\" width=\"250\" height=\"166\" src=\"https:\/\/www.chateaulagontrie.net\/v2\/wp-content\/uploads\/2012\/10\/chez-les-grand-meres-chateau-la-gontrie-1.jpg\" alt=\"\" class=\"wp-image-189\" srcset=\"https:\/\/www.chateaulagontrie.net\/v2\/wp-content\/uploads\/2012\/10\/chez-les-grand-meres-chateau-la-gontrie-1.jpg 250w, https:\/\/www.chateaulagontrie.net\/v2\/wp-content\/uploads\/2012\/10\/chez-les-grand-meres-chateau-la-gontrie-1-100x66.jpg 100w\" sizes=\"(max-width: 250px) 100vw, 250px\" \/><\/figure>\n\n\n\n<div style=\"height:20px\" aria-hidden=\"true\" class=\"wp-block-spacer\"><\/div>\n\n\n\n<h4 class=\"wp-block-heading\"><a href=\"https:\/\/www.chateaulagontrie.net\/v2\/nos-g\u00eetes\/les-grands-meres\/\">Chez Les Grands-M\u00e8res<\/a><\/h4>\n\n\n\n<div style=\"height:10px\" aria-hidden=\"true\" class=\"wp-block-spacer\"><\/div>\n\n\n\n<h4 class=\"wp-block-heading\">2 \u00e0 4 h\u00f4tes<\/h4>\n<\/div>\n\n\n\n<div class=\"wp-block-column is-layout-flow wp-block-column-is-layout-flow\">\n<figure class=\"wp-block-image size-full\"><img decoding=\"async\" loading=\"lazy\" width=\"1000\" height=\"667\" src=\"https:\/\/www.chateaulagontrie.net\/v2\/wp-content\/uploads\/2016\/10\/7-swimming-pool-chateau-la-gontrie-location-vacances.jpg\" alt=\"\" class=\"wp-image-463\" srcset=\"https:\/\/www.chateaulagontrie.net\/v2\/wp-content\/uploads\/2016\/10\/7-swimming-pool-chateau-la-gontrie-location-vacances.jpg 1000w, https:\/\/www.chateaulagontrie.net\/v2\/wp-content\/uploads\/2016\/10\/7-swimming-pool-chateau-la-gontrie-location-vacances-300x200.jpg 300w, https:\/\/www.chateaulagontrie.net\/v2\/wp-content\/uploads\/2016\/10\/7-swimming-pool-chateau-la-gontrie-location-vacances-768x512.jpg 768w, https:\/\/www.chateaulagontrie.net\/v2\/wp-content\/uploads\/2016\/10\/7-swimming-pool-chateau-la-gontrie-location-vacances-100x67.jpg 100w, https:\/\/www.chateaulagontrie.net\/v2\/wp-content\/uploads\/2016\/10\/7-swimming-pool-chateau-la-gontrie-location-vacances-330x220.jpg 330w, https:\/\/www.chateaulagontrie.net\/v2\/wp-content\/uploads\/2016\/10\/7-swimming-pool-chateau-la-gontrie-location-vacances-450x300.jpg 450w\" sizes=\"(max-width: 1000px) 100vw, 1000px\" \/><\/figure>\n\n\n\n<div style=\"height:20px\" aria-hidden=\"true\" class=\"wp-block-spacer\"><\/div>\n\n\n\n<h4 class=\"wp-block-heading\"><a href=\"http:\/\/www.chateaulagontrie.net\/nos-g\u00eetes\/le-pigeonnier\/\">Le Pigeonnier<\/a><\/h4>\n\n\n\n<div style=\"height:10px\" aria-hidden=\"true\" class=\"wp-block-spacer\"><\/div>\n\n\n\n<h4 class=\"wp-block-heading\">4 \u00e0 6 h\u00f4tes<\/h4>\n<\/div>\n\n\n\n<div class=\"wp-block-column is-layout-flow wp-block-column-is-layout-flow\">\n<figure class=\"wp-block-image size-full\"><img decoding=\"async\" loading=\"lazy\" width=\"250\" height=\"166\" src=\"https:\/\/www.chateaulagontrie.net\/v2\/wp-content\/uploads\/2016\/07\/jardin-le-magnolia-chateau-la-gontrie.jpg\" alt=\"\" class=\"wp-image-242\" srcset=\"https:\/\/www.chateaulagontrie.net\/v2\/wp-content\/uploads\/2016\/07\/jardin-le-magnolia-chateau-la-gontrie.jpg 250w, https:\/\/www.chateaulagontrie.net\/v2\/wp-content\/uploads\/2016\/07\/jardin-le-magnolia-chateau-la-gontrie-100x66.jpg 100w\" sizes=\"(max-width: 250px) 100vw, 250px\" \/><\/figure>\n\n\n\n<div style=\"height:20px\" aria-hidden=\"true\" class=\"wp-block-spacer\"><\/div>\n\n\n\n<h4 class=\"wp-block-heading\"><a href=\"http:\/\/www.chateaulagontrie.net\/nos-g\u00eetes\/le-magnolia\/\">Le Magnolia<\/a><\/h4>\n\n\n\n<div style=\"height:10px\" aria-hidden=\"true\" class=\"wp-block-spacer\"><\/div>\n\n\n\n<h4 class=\"wp-block-heading\">4 \u00e0 6 h\u00f4tes<\/h4>\n<\/div>\n\n\n\n<div class=\"wp-block-column is-layout-flow wp-block-column-is-layout-flow\">\n<figure class=\"wp-block-image size-full\"><img decoding=\"async\" loading=\"lazy\" width=\"1000\" height=\"665\" src=\"https:\/\/www.chateaulagontrie.net\/v2\/wp-content\/uploads\/2016\/10\/8-le-relais-vacation-rental.jpg\" alt=\"\" class=\"wp-image-489\" srcset=\"https:\/\/www.chateaulagontrie.net\/v2\/wp-content\/uploads\/2016\/10\/8-le-relais-vacation-rental.jpg 1000w, https:\/\/www.chateaulagontrie.net\/v2\/wp-content\/uploads\/2016\/10\/8-le-relais-vacation-rental-300x200.jpg 300w, https:\/\/www.chateaulagontrie.net\/v2\/wp-content\/uploads\/2016\/10\/8-le-relais-vacation-rental-768x511.jpg 768w, https:\/\/www.chateaulagontrie.net\/v2\/wp-content\/uploads\/2016\/10\/8-le-relais-vacation-rental-100x67.jpg 100w, https:\/\/www.chateaulagontrie.net\/v2\/wp-content\/uploads\/2016\/10\/8-le-relais-vacation-rental-330x220.jpg 330w, https:\/\/www.chateaulagontrie.net\/v2\/wp-content\/uploads\/2016\/10\/8-le-relais-vacation-rental-450x300.jpg 450w\" sizes=\"(max-width: 1000px) 100vw, 1000px\" \/><\/figure>\n\n\n\n<div style=\"height:20px\" aria-hidden=\"true\" class=\"wp-block-spacer\"><\/div>\n\n\n\n<h4 class=\"wp-block-heading\"><a href=\"http:\/\/www.chateaulagontrie.net\/nos-g\u00eetes\/le-relais\/\">Le Relais<\/a><\/h4>\n\n\n\n<div style=\"height:10px\" aria-hidden=\"true\" class=\"wp-block-spacer\"><\/div>\n\n\n\n<h4 class=\"wp-block-heading\">2 \u00e0 4 h\u00f4tes<\/h4>\n<\/div>\n<\/div>\n","protected":false},"excerpt":{"rendered":"<p>Situ\u00e9 dans une propri\u00e9t\u00e9 de 11 ha, entour\u00e9 par les vignes et la for\u00eat du ch\u00e2teau, ce havre paisible est \u00e0 moins de 20 minutes de Bordeaux.Il est dot\u00e9 de 4 gites et d\u2019une piscine s\u00e9curis\u00e9e avec des vues imprenables sur les vignes ou la for\u00eat. Chez Les Grands-M\u00e8res 2 \u00e0 4 h\u00f4tes Le Pigeonnier<\/p>\n","protected":false},"author":1,"featured_media":0,"parent":0,"menu_order":4,"comment_status":"closed","ping_status":"closed","template":"page-templates\/template-page-testimonial.php","meta":{"_uag_custom_page_level_css":"","footnotes":""},"uagb_featured_image_src":{"full":false,"thumbnail":false,"medium":false,"medium_large":false,"large":false,"1536x1536":false,"2048x2048":false,"post-thumbnail":false,"image-style1":false,"image-style2":false,"image-style3":false,"image-style4":false,"image-style5":false,"image-style6":false,"image-style7":false,"image-style8":false},"uagb_author_info":{"display_name":"admin","author_link":"https:\/\/www.chateaulagontrie.net\/v2\/author\/admin\/"},"uagb_comment_info":0,"uagb_excerpt":"Situ\u00e9 dans une propri\u00e9t\u00e9 de 11 ha, entour\u00e9 par les vignes et la for\u00eat du ch\u00e2teau, ce havre paisible est \u00e0 moins de 20 minutes de Bordeaux.Il est dot\u00e9 de 4 gites et d\u2019une piscine s\u00e9curis\u00e9e avec des vues imprenables sur les vignes ou la for\u00eat. Chez Les Grands-M\u00e8res 2 \u00e0 4 h\u00f4tes Le Pigeonnier","_links":{"self":[{"href":"https:\/\/www.chateaulagontrie.net\/v2\/wp-json\/wp\/v2\/pages\/62"}],"collection":[{"href":"https:\/\/www.chateaulagontrie.net\/v2\/wp-json\/wp\/v2\/pages"}],"about":[{"href":"https:\/\/www.chateaulagontrie.net\/v2\/wp-json\/wp\/v2\/types\/page"}],"author":[{"embeddable":true,"href":"https:\/\/www.chateaulagontrie.net\/v2\/wp-json\/wp\/v2\/users\/1"}],"replies":[{"embeddable":true,"href":"https:\/\/www.chateaulagontrie.net\/v2\/wp-json\/wp\/v2\/comments?post=62"}],"version-history":[{"count":14,"href":"https:\/\/www.chateaulagontrie.net\/v2\/wp-json\/wp\/v2\/pages\/62\/revisions"}],"predecessor-version":[{"id":1875,"href":"https:\/\/www.chateaulagontrie.net\/v2\/wp-json\/wp\/v2\/pages\/62\/revisions\/1875"}],"wp:attachment":[{"href":"https:\/\/www.chateaulagontrie.net\/v2\/wp-json\/wp\/v2\/media?parent=62"}],"curies":[{"name":"wp","href":"https:\/\/api.w.org\/{rel}","templated":true}]}}